17399663?
6
What is the units digit of 101985?
5
What is the units digit of 47111?
1
What is the ten thousands digit of 11151658?
5
What is the hundreds digit of 24148?
1
What is the thousands digit of 503639?
3
What is the ten thousands digit of 19260?
1
What is the thousands digit of 315290?
5
What is the thousands digit of 2099369?
9
What is the units digit of 4507841?
1
What is the ten thousands digit of 16021273?
2
What is the tens digit of 6375?
7
What is the ten thousands digit of 21577461?
7
What is the thousands digit of 7646829?
6
What is the thousands digit of 188800?
8
What is the tens digit of 1113462?
6
What is the ten thousands digit of 922389?
2
What is the ten thousands digit of 441705?
4
What is the ten thousands digit of 1612879?
1
What is the thousands digit of 4007541?
7
What is the ten millions digit of 11651775?
1
What is the hundred thousands digit of 3765917?
7
What is the tens digit of 5055070?
7
What is the ten thousands digit of 244038?
4
What is the ten thousands digit of 38170?
3
What is the hundred thousands digit of 2754215?
7
What is the ten thousands digit of 1410810?
1
What is the tens digit of 6718113?
1
What is the millions digit of 1656859?
1
What is the thousands digit of 15352321?
2
What is the hundred thousands digit of 12245340?
2
What is the thousands digit of 611028?
1
What is the ten thousands digit of 507883?
0
What is the millions digit of 8814946?
8
What is the thousands digit of 1287823?
7
What is the ten thousands digit of 1074661?
7
What is the millions digit of 12222402?
2
What is the tens digit of 1111323?
2
What is the hundred thousands digit of 14591548?
5
What is the units digit of 22017?
7
What is the hundreds digit of 368081?
0
What is the tens digit of 954717?
1
What is the units digit of 570080?
0
What is the ten thousands digit of 5583002?
8
What is the ten thousands digit of 120602?
2
What is the tens digit of 1799398?
9
What is the ten thousands digit of 40701?
4
What is the hundreds digit of 3601625?
6
What is the hundreds digit of 30505?
5
What is the hundreds digit of 48533?
5
What is the hundred thousands digit of 6938778?
9
What is the hundred thousands digit of 11179187?
1
What is the units digit of 7814986?
6
What is the units digit of 742369?
9
What is the hundreds digit of 934308?
3
What is the thousands digit of 10095786?
5
What is the hundreds digit of 2066467?
4
What is the units digit of 2544057?
7
What is the hundreds digit of 228248?
2
What is the hundred thousands digit of 305688?
3
What is the hundred thousands digit of 1731458?
7
What is the millions digit of 1620998?
1
What is the millions digit of 2436647?
2
What is the ten thousands digit of 444067?
4
What is the tens digit of 464644?
4
What is the ten thousands digit of 658883?
5
What is the thousands digit of 26885482?
5
What is the tens digit of 350100?
0
What is the hundred thousands digit of 180946?
1
What is the units digit of 4193932?
2
What is the hundreds digit of 28316?
3
What is the hundreds digit of 12607678?
6
What is the millions digit of 8529623?
8
What is the ten thousands digit of 1567326?
6
What is the tens digit of 1782970?
7
What is the hundreds digit of 3208765?
7
What is the ten thousands digit of 424730?
2
What is the millions digit of 18811506?
8
What is the millions digit of 5314323?
5
What is the hundred thousands digit of 6050790?
0
What is the thousands digit of 30140?
0
What is the ten thousands digit of 1119479?
1
What is the tens digit of 16214586?
8
What is the tens digit of 22773?
7
What is the hundred thousands digit of 242374?
2
What is the hundreds digit of 207450?
4
What is the tens digit of 185393?
9
What is the millions digit of 2248174?
2
What is the thousands digit of 11170214?
0
What is the hundreds digit of 585027?
0
What is the thousands digit of 1487445?
7
What is the hundreds digit of 997260?
2
What is the hundred thousands digit of 4325143?
3
What is the millions digit of 1140309?
1
What is the ten thousands digit of 1541266?
4
What is the units digit of 1195572?
2
What is the thousands digit of 12924537?
4
What is the hundred thousands digit of 215696?
2
What is the hundred thousands digit of 154794?
1
What is the hundred thousands digit of 7531585?
5
What is the units digit of 169530?
0
What is the hundreds digit of 6058285?
2
What is the thousands digit of 3070299?
0
What is the hundreds digit of 99931?
9
What is the units digit of 4698227?
7
What is the hundreds digit of 231074?
0
What is the thousands digit of 363286?
3
What is the tens digit of 255560?
6
What is the tens digit of 9777?
7
What is the hundreds digit of 633134?
1
What is the hundreds digit of 1613400?
4
What is the units digit of 4526236?
6
What is the ten thousands digit of 593457?
9
What is the hundred thousands digit of 807429?
8
What is the hundreds digit of 118485?
4
What is the tens digit of 35130?
3
What is the ten thousands digit of 4226343?
2
What is the units digit of 62653?
3
What is the thousands digit of 317702?
7
What is the tens digit of 220802?
0
What is the hundreds digit of 263520?
5
What is the millions digit of 13642834?
3
What is the tens digit of 356914?
1
What is the hundred thousands digit of 5652639?
6
What is the units digit of 8658080?
0
What is the tens digit of 636184?
8
What is the ten thousands digit of 980816?
8
What is the ten thousands digit of 1614516?
1
What is the hundred thousands digit of 559352?
5
What is the units digit of 1897078?
8
What is the ten thousands digit of 1194828?
9
What is the hundreds digit of 914548?
5
What is the millions digit of 1001414?
1
What is the units digit of 309689?
9
What is the thousands digit of 5876343?
6
What is the hundred thousands digit of 1308318?
3
What is the units digit of 691191?
1
What is the units digit of 14507018?
8
What is the hundred thousands digit of 952603?
9
What is the tens digit of 1054308?
0
What is the hundreds digit of 414751?
7
What is the hundred thousands digit of 155462?
1
What is the tens digit of 12331696?
9
What is the ten thousands digit of 2384141?
8
What is the units digit of 5264079?
9
What is the ten millions digit of 19917699?
1
What is the millions digit of 7320726?
7
What is the thousands digit of 1882152?
2
What is the tens digit of 2157205?
0
What is the thousands digit of 303018?
3
What is the tens digit of 589592?
9
What is the millions digit of 3500357?
3
What is the millions digit of 12756882?
2
What is the units digit of 9681725?
5
What is the tens digit of 19041896?
9
What is the hundred thousands digit of 553258?
5
What is the tens digit of 7706945?
4
What is the units digit of 1075529?
9
What is the tens digit of 1417147?
4
What is the hundred thousands digit of 1068727?
0
What is the thousands digit of 377387?
7
What is the thousands digit of 1984053?
4
What is the units digit of 15127?
7
What is the thousands digit of 2660962?
0
What is the ten millions digit of 11772000?
1
What is the hundred thousands digit of 18652542?
6
What is the thousands digit of 1838769?
8
What is the ten thousands digit of 14337491?
3
What is the millions digit of 22457982?
2
What is the units digit of 827?
7
What is the thousands digit of 3318583?
8
What is the ten millions digit of 34295391?
3
What is the units digit of 9936672?
2
What is the hundreds digit of 2222610?
6
What is the tens digit of 3884629?
2
What is the units digit of 3491230?
0
What is the tens digit of 304246?
4
What is the ten thousands digit of 244215?
4
What is the thousands digit of 5369220?
9
What is the ten thousands digit of 113507?
1
What is the tens digit of 11749547?
4
What is the hundred thousands digit of 414715?
4
What is the ten thousands digit of 181467?
8
What is the hundred thousands digit of 17652830?
6
What is the thousands digit of 190024?
0
What is the hundreds digit of 2500598?
5
What is the units digit of 1741868?
8
What is the tens digit of 58421?
2
What is the units digit of 224076?
6
What is the hundreds digit of 7696361?
3
What is the hundred thousands digit of 9647436?
6
What is the hundreds digit of 961766?
7
What is the millions digit of 28407706?
8
What is the hundred thousands digit of 1258431?
2
What is the hundreds digit of 16995689?
6
What is the units digit of 123959?
9
What is the tens d